 the prime factors of 42147702?
2, 3, 260171
What are the prime factors of 92367400?
2, 5, 421, 1097
List the prime factors of 36436379.
7, 37, 140681
What are the prime factors of 57941310?
2, 3, 5, 7, 275911
List the prime factors of 410156630.
2, 5, 13, 3155051
List the prime factors of 3465048171.
3, 13, 17, 5226317
List the prime factors of 60126250.
2, 5, 103, 467
What are the prime factors of 404634582?
2, 3, 11, 571, 1193
List the prime factors of 26651359.
7, 17, 37, 6053
List the prime factors of 57636982.
2, 13, 59, 37573
List the prime factors of 120922861.
120922861
List the prime factors of 294433549.
29, 277, 36653
What are the prime factors of 2652034712?
2, 331504339
What are the prime factors of 89736057?
3, 1399, 7127
List the prime factors of 4705445.
5, 19, 49531
What are the prime factors of 183118819?
13, 14086063
List the prime factors of 73484859.
3, 7, 499897
List the prime factors of 592154841.
3, 41, 229, 21023
List the prime factors of 1550289493.
23, 1277, 52783
List the prime factors of 9944032.
2, 7, 103, 431
List the prime factors of 454496804.
2, 1753, 64817
What are the prime factors of 208337605?
5, 7, 41, 47, 3089
What are the prime factors of 2518361123?
197, 12783559
What are the prime factors of 166360560?
2, 3, 5, 693169
What are the prime factors of 67237702?
2, 7, 686099
What are the prime factors of 131290654?
2, 11, 67, 89071
What are the prime factors of 244124839?
7, 34874977
What are the prime factors of 82152381?
3, 17, 47, 34273
What are the prime factors of 301912481?
13, 23224037
List the prime factors of 1198006802.
2, 103, 1543, 3769
What are the prime factors of 137457462?
2, 3, 83, 276019
What are the prime factors of 534727282?
2, 17, 53, 296741
What are the prime factors of 503768978?
2, 1861, 135349
List the prime factors of 102107574.
2, 3, 53, 35677
What are the prime factors of 25802245?
5, 7, 737207
List the prime factors of 165046457.
1459, 113123
List the prime factors of 228086310.
2, 3, 5, 73, 104149
List the prime factors of 2360348128.
2, 73, 1010423
List the prime factors of 79697777.
79697777
List the prime factors of 664381247.
664381247
What are the prime factors of 3884938157?
43, 90347399
List the prime factors of 354211578.
2, 3, 7, 2811203
List the prime factors of 560452230.
2, 3, 5, 13, 159673
List the prime factors of 956340630.
2, 3, 5, 7, 1518001
What are the prime factors of 4445691126?
2, 3, 29, 2963, 8623
What are the prime factors of 337763836?
2, 19, 4444261
What are the prime factors of 411078137?
411078137
List the prime factors of 484084371.
3, 107, 1508051
What are the prime factors of 802025361?
3, 131, 226753
What are the prime factors of 25500712?
2, 911, 3499
List the prime factors of 860404727.
7, 13, 9454997
What are the prime factors of 1190006675?
5, 11, 13, 367, 907
List the prime factors of 65505826.
2, 61, 536933
What are the prime factors of 81854539?
13, 23, 31, 8831
List the prime factors of 2324325886.
2, 59, 19697677
What are the prime factors of 279914586?
2, 3, 7, 139, 47947
List the prime factors of 854420633.
11, 19, 4088137
What are the prime factors of 69096025?
5, 23, 120167
List the prime factors of 309189987.
3, 101, 113381
What are the prime factors of 561280622?
2, 7, 79, 191, 2657
What are the prime factors of 1931081811?
3, 521, 1235497
What are the prime factors of 189074247?
3, 41, 953, 1613
What are the prime factors of 123271076?
2, 23, 1339903
What are the prime factors of 5105016?
2, 3, 7, 1447
What are the prime factors of 62934428?
2, 2897, 5431
List the prime factors of 330646705.
5, 6761, 9781
What are the prime factors of 391347949?
391347949
List the prime factors of 288770787.
3, 32085643
List the prime factors of 4849476135.
3, 5, 7, 29, 449, 3547
What are the prime factors of 6436178?
2, 7, 379, 1213
List the prime factors of 377652289.
7, 53950327
List the prime factors of 2369274780.
2, 3, 5, 79, 191, 2617
What are the prime factors of 1044976664?
2, 23, 5679221
What are the prime factors of 737065387?
907, 812641
List the prime factors of 1031520363.
3, 5693, 60397
What are the prime factors of 668496398?
2, 2887, 115777
List the prime factors of 14163446.
2, 11, 23, 1217
List the prime factors of 102217089.
3, 13, 2620951
List the prime factors of 654149499.
3, 19, 1811, 6337
What are the prime factors of 55550118?
2, 3, 13, 17, 41893
What are the prime factors of 396220345?
5, 2909, 27241
What are the prime factors of 24012801?
3, 889363
List the prime factors of 362453366.
2, 11, 23, 41, 17471
List the prime factors of 293911000.
2, 5, 19, 31, 499
List the prime factors of 410491387.
61, 1423, 4729
List the prime factors of 420407850.
2, 3, 5, 41, 197, 347
List the prime factors of 248652253.
479, 519107
List the prime factors of 28477548.
2, 3, 11, 23971
List the prime factors of 173660567.
173660567
What are the prime factors of 484704467?
13, 47, 793297
What are the prime factors of 960399137?
19, 6703, 7541
List the prime factors of 78364091.
13, 491, 12277
List the prime factors of 2532984398.
2, 7, 180927457
What are the prime factors of 400744968?
2, 3, 13, 29, 3407
List the prime factors of 445496903.
14683, 30341
List the prime factors of 63231554.
2, 23, 109, 12611
List the prime factors of 124204261.
17, 881, 8293
What are the prime factors of 169362962?
2, 61, 137, 10133
List the prime factors of 3670358.
2, 131, 14009
What are the prime factors of 9251066?
2, 11, 420503
What are the prime factors of 1619445245?
5, 11, 17, 157457
List the prime factors of 21423556.
2, 7, 11, 69557
What are the prime factors of 458764323?
3, 83, 109, 16903
List the prime factors of 247218747.
3, 19, 4337171
List the prime factors of 52888204.
2, 233, 56747
What are the prime factors of 17331029?
23, 71, 10613
List the prime factors of 1500104418.
2, 3, 97, 479, 5381
List the prime factors of 39471725.
5, 41, 97, 397
What are the prime factors of 329745948?
2, 3, 7, 151, 25997
What are the prime factors of 1933565446?
2, 1223, 790501
What are the prime factors of 28730391?
3, 17, 73, 7717
List the prime factors of 93948546.
2, 3, 15658091
What are the prime factors of 167618354?
2, 1753, 47809
What are the prime factors of 141133471?
467, 302213
List the prime factors of 49891459.
577, 86467
List the prime factors of 131948605.
5, 4999, 5279
List the prime factors of 193314408.
2, 3, 7, 89, 1847
List the prime factors of 80435751.
3, 11, 1471, 1657
What are the prime factors of 588931004?
2, 73, 127, 15881
What are the prime factors of 328138284?
2, 3, 17, 19, 84659
List the prime factors of 1329027333.
3, 19, 59, 395191
List the prime factors of 4988726995.
5, 7, 20362151
What are the prime factors of 150815342?
2, 75407671
What are the prime factors of 84364049?
7, 11, 269, 4073
What are the prime factors of 82761237?
3, 13, 235787
List the prime factors of 537514564.
2, 103, 643, 2029
List the prime factors of 5662571.
317, 17863
What are the prime factors of 113640109?
11, 53, 421, 463
List the prime factors of 15737742.
2, 3, 43, 20333
What are the prime factors of 62436161?
67, 931883
List the prime factors of 1725791916.
2, 3, 143815993
List the prime factors of 368510395.
5, 11, 29, 231041
List the prime factors of 13458890.
2, 5, 1345889
List the prime factors of 977928174.
2, 3, 1051, 17231
List the prime factors of 290282558.
2, 2609, 55631
What are the prime factors of 1853614133?
7, 223, 1187453
What are the prime factors of 59098798?
2, 11, 2686309
List the prime factors of 88360001.
89, 992809
List the prime factors of 752155072.
2, 17, 97, 7127
What are the prime factors of 569790884?
2, 13, 227, 48271
List the prime factors of 1962454187.
67, 29290361
List the prime factors of 433030025.
5, 103, 211, 797
List the prime factors of 1685084271.
3, 13, 757, 57077
List the prime factors of 6295499103.
3, 181, 11593921
What are the prime factors of 2254548?
2, 3, 89, 2111
List the prime factors of 65997155.
5, 7, 1885633
List the prime factors of 1356189970.
2, 5, 53, 2558849
What are the prime factors of 1174781854?
2, 587390927
What are the prime factors of 219489510?
2, 3, 5, 7316317
What are the prime factors of 451655537?
101, 4471837
List the prime factors of 480232604.
2, 7963, 15077
What 